{"id":9,"date":"2018-04-17T13:41:42","date_gmt":"2018-04-17T13:41:42","guid":{"rendered":"https:\/\/ddr.arch.ethz.ch\/wordpress\/?page_id=9"},"modified":"2018-05-29T19:20:43","modified_gmt":"2018-05-29T19:20:43","slug":"contact","status":"publish","type":"page","link":"https:\/\/ddr.arch.ethz.ch\/wordpress\/contact\/","title":{"rendered":"Contact"},"content":{"rendered":"<p><img loading=\"lazy\" decoding=\"async\" class=\"aligncenter wp-image-75 size-full\" src=\"https:\/\/ddr.arch.ethz.ch\/wordpress\/wp-content\/uploads\/2018\/05\/OH-Z17_Arch.Tec-Lab_4476\u00a9Andrea-Diglas_def-e1526475718533.jpg\" alt=\"\" width=\"1542\" height=\"822\" srcset=\"https:\/\/ddr.arch.ethz.ch\/wordpress\/wp-content\/uploads\/2018\/05\/OH-Z17_Arch.Tec-Lab_4476\u00a9Andrea-Diglas_def-e1526475718533.jpg 1542w, https:\/\/ddr.arch.ethz.ch\/wordpress\/wp-content\/uploads\/2018\/05\/OH-Z17_Arch.Tec-Lab_4476\u00a9Andrea-Diglas_def-e1526475718533-300x160.jpg 300w, https:\/\/ddr.arch.ethz.ch\/wordpress\/wp-content\/uploads\/2018\/05\/OH-Z17_Arch.Tec-Lab_4476\u00a9Andrea-Diglas_def-e1526475718533-768x409.jpg 768w, https:\/\/ddr.arch.ethz.ch\/wordpress\/wp-content\/uploads\/2018\/05\/OH-Z17_Arch.Tec-Lab_4476\u00a9Andrea-Diglas_def-e1526475718533-1024x546.jpg 1024w\" sizes=\"auto, (max-width: 767px) 89vw, (max-width: 1000px) 54vw, (max-width: 1071px) 543px, 580px\" \/><\/p>\n<p><strong style=\"font-size: 1rem;\">Address<\/strong><br \/>\nETH Z\u00fcrich<br \/>\nArchitektur und Geb\u00e4udesysteme<br \/>\nStefano-Franscini-Platz 1<br \/>\n8083 Z\u00fcrich<\/p>\n<p><a href=\"http:\/\/www.systems.arch.ethz.ch\" target=\"_blank\" rel=\"noopener\">www.systems.arch.ethz.ch<\/a><\/p>\n","protected":false},"excerpt":{"rendered":"<p>Address ETH Z\u00fcrich Architektur und Geb\u00e4udesysteme Stefano-Franscini-Platz 1 8083 Z\u00fcrich www.systems.arch.ethz.ch<\/p>\n","protected":false},"author":1,"featured_media":0,"parent":0,"menu_order":0,"comment_status":"closed","ping_status":"closed","template":"","meta":{"footnotes":""},"class_list":["post-9","page","type-page","status-publish","hentry"],"_links":{"self":[{"href":"https:\/\/ddr.arch.ethz.ch\/wordpress\/wp-json\/wp\/v2\/pages\/9","targetHints":{"allow":["GET"]}}],"collection":[{"href":"https:\/\/ddr.arch.ethz.ch\/wordpress\/wp-json\/wp\/v2\/pages"}],"about":[{"href":"https:\/\/ddr.arch.ethz.ch\/wordpress\/wp-json\/wp\/v2\/types\/page"}],"author":[{"embeddable":true,"href":"https:\/\/ddr.arch.ethz.ch\/wordpress\/wp-json\/wp\/v2\/users\/1"}],"replies":[{"embeddable":true,"href":"https:\/\/ddr.arch.ethz.ch\/wordpress\/wp-json\/wp\/v2\/comments?post=9"}],"version-history":[{"count":15,"href":"https:\/\/ddr.arch.ethz.ch\/wordpress\/wp-json\/wp\/v2\/pages\/9\/revisions"}],"predecessor-version":[{"id":179,"href":"https:\/\/ddr.arch.ethz.ch\/wordpress\/wp-json\/wp\/v2\/pages\/9\/revisions\/179"}],"wp:attachment":[{"href":"https:\/\/ddr.arch.ethz.ch\/wordpress\/wp-json\/wp\/v2\/media?parent=9"}],"curies":[{"name":"wp","href":"https:\/\/api.w.org\/{rel}","templated":true}]}}